l - 66, 0*w + 3*l = 3*w - 81. Calculate the remainder when w is divided by 15.
9
Let p = -76 + 77. Let y(t) = t**2 - 3*t + 2. Calculate the remainder when y(3) is divided by p.
0
Let k(a) = -a**2 + 9*a - 7. Let o(m) be the third derivative of 7*m**4/24 + 3*m**3/2 - m**2. Calculate the remainder when o(4) is divided by k(5).
11
Let a(r) = -r**3 - 9*r**2 - 4*r + 9. Let h = 33 - -47. Suppose j - 4*j = 0, 0 = 5*b - 3*j - h. Calculate the remainder when a(-9) is divided by b.
13
Suppose 2*f + 0 = 4. Suppose c + 26 = f*c. Suppose q - c = -q. Calculate the remainder when 24 is divided by q.
11
Suppose b + 10*m = 5*m - 12, 2*b + 2*m = 8. Calculate the remainder when 15 is divided by b.
7
Let t = -3 + 13. Let k be t/(-35) + 24/(-14). Calculate the remainder when 35 - 3 - 1*k is divided by 12.
10
Let v(u) = -u**3 + 6*u**2 - u. Let z be v(4). Suppose -5*f + z - 8 = 0. Suppose 2*j + 6 = f*j. What is the remainder when 7 is divided by j?
1
Suppose 7 = -2*f + 27. Calculate the remainder when f is divided by 4.
2
Let p(l) = -3*l + 61. What is the remainder when 13 is divided by p(18)?
6
Let g(h) = h**3 + 4*h**2 + 2*h - 2. Let j(m) = m - 9. Let f be j(7). Calculate the remainder when 4 is divided by g(f).
0
Suppose 3*t + t - 32 = 0. Suppose 11*m = 16*m - 10, -3*o + 49 = 2*m. What is the remainder when o is divided by t?
7
Let d(m) = -5*m + 4 - 11 + 12. Let j be -2 - (1*4 - 2). Calculate the remainder when d(j) is divided by 13.
12
Let t(l) = -49*l**3 + 1. Suppose -m = 3*z - 1, 3*m - z = -m + 56. What is the remainder when t(-1) is divided by m?
11
Let f(n) = 6*n - 53. Suppose 2*w = 6*w - 28. Calculate the remainder when f(12) is divided by w.
5
Let l be 2 + 0/(-1) - 4. What is the remainder when 20 is divided by l/(-12) - (-130)/12?
9
Suppose -3*d + 15 = -0*d. Let z = 0 + d. Suppose 5*n + 5*l = 65, -2*n + 32 = -z*l + l. What is the remainder when 27 is divided by n?
13
Suppose 4*r - 2*c - 10 = 0, -3*c - 2 = r + c. Suppose q + 4*y - 59 = 0, r*q + 0*y - 82 = y. What is the remainder when q is divided by 15?
13
Let q = 142 - 69. Calculate the remainder when q is divided by 38.
35
Let f be (-9 - -12)*8/6. Suppose -5*d + 168 = -3*n, f*n + 0*n + 56 = 2*d. Calculate the remainder when d is divided by 13.
10
Calculate the remainder when -1 + 3*46/3 is divided by 12.
9
Let u = 21 + -13. Calculate the remainder when 14 is divided by u.
6
Let h(p) = 1 - 4*p - 2*p**2 + 3*p**2 + p**3 + 5*p**2. What is the remainder when h(-4) is divided by 17?
15
Let v be 1/5 + (-243)/15. Let f = v - -1. Calculate the remainder when (-3*1)/(f/190) is divided by 13.
12
Let c(s) = -7*s + 3*s + 2 + 0 - s**2. Let n = 22 + -18. Calculate the remainder when n is divided by c(-4).
0
Let x(c) = c**3 - 6*c**2 + 8*c - 7. Suppose -5*o - 25 = -0*o, 4*s = -5*o - 5. What is the remainder when 29 is divided by x(s)?
5
Let h = -53 + 74. Let l(g) = -g**2 - 7*g + 8. Calculate the remainder when h is divided by l(-7).
5
Let r be (-5811)/26 + (-2)/4. Calculate the remainder when r/(-6) - (-6)/9 is divided by 8.
6
Let g = -8 + 18. Let v = g + -5. Suppose -v*n + 3*n + 34 = 0. What is the remainder when 49 is divided by n?
15
Let r(l) = 8*l - l**2 - 2 + 0*l**2 - 3. Calculate the remainder when r(4) is divided by 6.
5
Suppose 2*z = -3*n + 61, 2*z - 56 = -0*z + 2*n. What is the remainder when 56 is divided by z?
27
Suppose -4*f + 21 = -f. What is the remainder when f is divided by (4/(-6) - -1)*15?
2
Let a = -39 - -22. Let f = a + -25. What is the remainder when 0 + (-1)/(3/f) is divided by 5?
4
Suppose 2*t - 13 - 5 = 0. Suppose -f - t = -2*f. Calculate the remainder when 35 is divided by f.
8
Let m = 2 + 1. Suppose 23 = m*s - 19. Calculate the remainder when 26 is divided by s.
12
Suppose 43 = 3*r - 44. Calculate the remainder when 48 is divided by r.
19
Let m = 0 - 2. Calculate the remainder when 148/8 - m/(-4) is divided by 10.
8
Let t(d) = d**3 - 4*d**2 + 4*d - 3. Let f be t(3). Suppose 0 = -4*z - f*z. Suppose -2*l + 18 = -z*l. What is the remainder when 16 is divided by l?
7
Suppose -9 = -2*s + 1. Calculate the remainder when ((-150)/4)/s*-2 is divided by 6.
3
Let j(v) = -v + 8. Suppose -5*r + 2*y = -213, 0*r + 3*y - 29 = -r. Calculate the remainder when r is divided by j(-13).
20
Let n be (2/(-3))/(4/(-30)). Suppose -5 = 2*w - 1, n*w - 15 = -h. Calculate the remainder when h is divided by 9.
7
Suppose 0 = 2*h - 4*v - 150, -h = 2*h - v - 205. What is the remainder when h is divided by 17?
16
Suppose -4*t = -33 + 13. Calculate the remainder when 12 is divided by t.
2
Let v = 15 - 11. Suppose 3*c = -4*h + 3 + 46, 5*c = -2*h + 77. Calculate the remainder when c is divided by v.
3
What is the remainder when 20 is divided by (-21 - 1)*2/(-4)?
9
Suppose -2*u - 3*x + 112 = 2*u, 5*x = 0. Suppose 0 = -2*o - 2*o + 328. What is the remainder when o is divided by u?
26
Suppose 8*j = -3*p + 5*j, 2*j = 2*p - 4. Let x be -11*(1 + 0) - 2. Let f = p - x. What is the remainder when f is divided by 5?
4
Let d(j) = j**3 - 3*j**2 - 2*j - 5. Suppose 0*t + 2*t - 43 = -5*n, 2*t - n - 13 = 0. What is the remainder when d(5) is divided by t?
8
Let t(h) = 4*h - 14. What is the remainder when 52 is divided by t(8)?
16
Let b(q) = -6*q - 8. Let w be b(7). What is the remainder when 18 is divided by w/(-7) - 4/28?
4
Let g(y) = y**2 + 1. Let t be g(3). What is the remainder when 4 is divided by 3*-1 + t/2?
0
Suppose 15 = 3*l - 12. What is the remainder when l is divided by 6?
3
Let k(d) = 3*d**2 + 46*d - 23. Let t be (4/2)/(-2)*-5. Suppose 4*f - t*w - 20 = 0, 2*w = -f - w + 5. What is the remainder when k(-16) is divided by f?
4
Let y(q) = 2*q**2 + 4*q + 6. Let w = -1 - -24. Calculate the remainder when w is divided by y(-3).
11
Let c(d) = -d**3 - d**2 + d + 3. Let f be c(-2). Suppose f*h - 2*h = 6. What is the remainder when h is divided by 1?
0
Calculate the remainder when (3 - -33)/(2/3) is divided by 28.
26
Suppose 4*r = 3*n - 8*n + 182, 3*r = -2*n + 77. Calculate the remainder when 67 is divided by n.
33
Let r be (1 + 3/(-6))*14. Let n = 4 + r. Calculate the remainder when 41 is divided by n.
8
Let a(m) = m**2 - 11*m + 18. Let z be a(9). Suppose 4*p - 4 = -z*p. What is the remainder when 1 is divided by p?
0
Let j(x) = -x**3 - 2*x**2 - 2*x - 2. Let q(l) be the second derivative of 37*l**4/12 + l**2/2 + 2*l. What is the remainder when q(-1) is divided by j(-3)?
12
Suppose 0 = -4*r + 3*l + 321, -l + 3 = -2*l. Calculate the remainder when r is divided by ((-1)/2)/(2/(-108)).
24
Let v = 10 + -1. What is the remainder when 15 is divided by v?
6
Let m be (2/3)/((-8)/(-60)). Suppose -18 = -m*l + i, -4*i = -l + 5*l. Suppose l*b = -b + 44. Calculate the remainder when 31 is divided by b.
9
Let m = -100 + 118. What is the remainder when m is divided by 6?
0
Suppose 0 = 4*a - 7*a + 102. Suppose a = 2*o - 8. What is the remainder when o is divided by 12?
9
Let q(f) = 3*f**2 + 3*f - 3. Let k(a) = -a**2 + 1. Let j(d) = k(d) + q(d). What is the remainder when 22 is divided by j(2)?
10
Let p(k) = 6*k. Let g(f) = f**3 - 6*f**2 - 5*f - 3. Calculate the remainder when g(7) is divided by p(1).
5
Suppose -2*m + 94 = -m. Suppose -3*d + 2*d = -32. Calculate the remainder when m is divided by d.
30
Let i(u) = -u**2 + 7*u - 3. Suppose -4*x + 28 = k, -5*x + 2*k + 7 = -28. Let b be i(x). Calculate the remainder when (-42)/9*b - 0 is divided by 8.
6
What is the remainder when 8 is divided by 7/3 + (-32)/(-48)?
2
Let w(b) = b**2 + 5*b - 4. Let k be w(-3). Let g = 14 + k. Calculate the remainder when 3*-2*1/(-1) is divided by g.
2
Suppose 2*n + 2*n = -5*l + 6, 5*l + 3*n - 7 = 0. Let k(y) = y**2. Let x be 27/(-21) + 6/21. What is the remainder when l is divided by k(x)?
0
Suppose 0 = -2*z - 3*z + 50. Suppose -5*u = -2*u - 5*d - 15, -2*u - 3*d + z = 0. What is the remainder when 14 is divided by u?
4
Let n = 45 + -26. What is the remainder when n is divided by 11?
8
What is the remainder when 894/3 - (-1 - 4) is divided by 61?
59
Let k = -25 - -43. What is the remainder when k is divided by 3?
0
Suppose 0 = 4*d - 10 - 2. Calculate the remainder when 17 is divided by d.
2
Suppose -p + 0*p + 16 = 0. What is the remainder when (28/(-3) + -1)*-3 is divided by p?
15
What is the remainder when (-2 - (-18)/15)/((-3)/30) is divided by 2?
0
Calculate the remainder when 